ate the greatest common factor of s and 1.
1
Let p be (4 + 7)/((-15)/(150/(-1))). Calculate the greatest common factor of p and 80.
10
Suppose -74*x - 13500 = -149*x. Calculate the highest common factor of 220 and x.
20
Let p = 17 + -15. Suppose p*o + 12 = -v, v = 4*o + o - 33. Let i be (4/v)/((-3)/225)*6. What is the greatest common factor of 20 and i?
20
Let b be (-1)/(-2) + 20*(-14 - 1610/(-112)). Calculate the highest common factor of 4168 and b.
8
Let q = -31 + 36. Suppose -q*f = -2*p - 10665, 2*p - 4511 = -4*f + 4003. Suppose -8*x + f = 259. Calculate the greatest common divisor of x and 26.
26
Let c(s) = s**3 - 11*s**2 + 12*s - 18. Let a = -285 - -296. Let y be c(a). Calculate the greatest common divisor of 190 and y.
38
Let c = 66 + -46. Let p = 5133 - 5093. What is the highest common factor of c and p?
20
Suppose 18*n - 12*n = -324. Let j be (-1)/(3*3/n). Let l be j/27 + 1430/45. What is the highest common divisor of 80 and l?
16
Let v(m) = 11 + 5 + 2*m - 10 + 6. Let y(b) = -b**3 - 7*b**2 + 7*b - 3. Let x be y(-8). Let s be v(x). Calculate the highest common divisor of s and 11.
11
Let i = 204 + -580. Let n = i + 407. Calculate the greatest common factor of 62 and n.
31
Let c = 52 + -12. Let x = c - -20. Suppose 6*o = 10*o - x. What is the highest common divisor of o and 105?
15
Let s = 74 - -142. Suppose 47*l = -1207 + 7975. What is the greatest common factor of l and s?
72
Let r = 352 + -251. Suppose -645 + r = 8*c. Let s = c - -84. Calculate the highest common factor of 64 and s.
16
Let y(a) = 86*a. Let j be y(5). Suppose 0 = -i - 60 + 318. What is the highest common factor of j and i?
86
Let u be 73884/84 - (-99)/231. Calculate the highest common divisor of 3200 and u.
80
Let z = -2693 - -2785. Calculate the highest common divisor of z and 12.
4
Suppose -a - 27 = -10*a. Suppose 0*o - 1719 = -5*o + a*y, -4*o + 5*y = -1370. Let b = o + -225. Calculate the greatest common divisor of 24 and b.
24
Let g(y) = y**3 + 12*y**2 - 5*y + 3245. Let u be g(0). What is the highest common factor of u and 220?
55
Suppose -v = -4*g + 93 + 467, 4*g = -v + 560. What is the greatest common divisor of g and 5120?
20
Let n(z) = -3*z + 24. Let j be n(0). Suppose 10*v - 44 = -j. Calculate the greatest common factor of v and 8.
2
Let g be (-74)/(-9) + (-4)/18. Let i be (g/(-3))/(2/(-75)). Let t(s) = s**2 - 118*s + 40. Let w be t(0). Calculate the greatest common divisor of w and i.
20
Let v(d) = -d**3 - 118*d**2 - 352*d + 96. Let x be v(-115). What is the highest common factor of 265 and x?
53
Let j = -6136 - -6186. Let m(y) = 7*y**2 + 5*y + 2. Let v be m(-3). Suppose 0*b - v = -5*b. What is the highest common divisor of b and j?
10
Let o be (1008/96)/((-15)/20 + 1). Let k be 6/(-4)*(-42 + 0). What is the highest common divisor of k and o?
21
Suppose -1473 = 73*w - 1911. Suppose -4*k + 4*n + 24 = -0*n, k - 5*n - 14 = 0. Calculate the greatest common divisor of w and k.
2
Let m(y) be the third derivative of y**5/60 + y**4/8 + 2*y**3/3 + y**2. Let w be m(-2). Suppose w*d - 20 = 230. Calculate the highest common factor of d and 50.
25
Let j(v) = 75*v**2 + 16*v - 34*v**2 - 11 - 33*v**2. Let z be j(11). What is the highest common factor of 103 and z?
103
Suppose 3*l - 10415 = 4*h, 2*l + 42*h - 39*h = 6915. Suppose -25*w + 4*w = -l. What is the highest common factor of w and 220?
55
Let w = 1279 + 605. Calculate the greatest common divisor of w and 36.
12
Let b = -7508 - -11783. What is the highest common factor of 105 and b?
15
Suppose 0 = -g + 3*q + 18, -2*g = -4*q - 9 - 27. Suppose 7*b = 396 - g. Calculate the greatest common divisor of 594 and b.
54
Let z(n) = -7*n - 64. Let m be z(-8). Let g be m*28/24*(-69)/2. What is the greatest common divisor of g and 14?
14
Suppose 17*y + 57*y = 14*y + 1080. What is the greatest common divisor of 5553 and y?
9
Suppose 4*c = -c + 25. Let k = -51 - -56. Suppose -k*s + 173 = -2. Calculate the greatest common factor of s and c.
5
Let v be ((-10)/15)/(4/1962). Let h = -326 - v. Suppose -5*b + 0*b + 40 = 0. What is the greatest common divisor of h and b?
1
Suppose -58*y - 9525 = -33*y. Let c = 413 + y. Calculate the highest common divisor of c and 256.
32
Let t be 56/14*1 - 17*2/(-2). What is the highest common factor of t and 553?
7
Let s(m) = m**3 - 33*m**2 + 92*m + 8. Let h be s(30). Calculate the greatest common divisor of h and 646.
34
Let l be (8*(1 + (-170)/(-36)))/((-106)/(-477)). Calculate the greatest common divisor of 18 and l.
2
Suppose 0 = 5*a, 7*p - 2*p - 4*a - 17605 = 0. Calculate the highest common factor of p and 7.
7
Suppose -5*y + 252 = 52. Let v = -97995 - -98027. Calculate the highest common factor of y and v.
8
Suppose 3*x + 4 = -5*y, 10 = 3*x - 0*y - 2*y. Let n be (3/(-2))/(195/(-650)). Suppose n*h = -x*h + 126. What is the greatest common factor of 9 and h?
9
Let x = -6629 - -6643. What is the highest common divisor of 490 and x?
14
Suppose 2*g + 7*d - 2*d + 18 = 0, 3*d = g - 13. Let z(s) = 2*s + 2. Let t be z(-4). Let n = -1 - t. What is the highest common factor of g and n?
1
Let x be (-242)/3872 - 20977/(-16). Calculate the greatest common divisor of 92 and x.
23
Let w = -34 + 184. Suppose -52*i + 168300 = 152*i. Calculate the greatest common factor of i and w.
75
Let r(w) = w**2 - 13*w - 10. Let n be 4/((-32)/84)*4/(-3). Let j be r(n). Let q be (10/j)/((-2)/(-52)). What is the highest common factor of 26 and q?
13
Let y(w) = -7*w - 10 - 4*w + 0*w + 3*w. Let t be y(-10). Let q be (-1)/(-4) - (-58716)/336. Calculate the highest common factor of q and t.
35
Suppose 0 = 29*b - 14*b - 15075. Let f be b/195 + (-4)/26. What is the greatest common factor of f and 95?
5
Let k be ((-66)/8)/((-1197)/392 - -3). Let h be (8/(-10))/(4/(-70)). Calculate the highest common factor of h and k.
14
Suppose 3*i + x = -0*i + 685, 5*x = -3*i + 665. Calculate the greatest common divisor of 30 and i.
10
Let q = 860 + -830. Calculate the highest common factor of 510 and q.
30
Suppose 3 = 21*w - 39. Suppose -4*r + 32 = t + w*t, -2*t + 28 = 4*r. Let q be -60*-4*(-3)/(-18). What is the greatest common divisor of r and q?
5
Suppose -588 = -101*h + 119. Calculate the greatest common factor of 2359 and h.
7
Suppose -24*k + 22*k + 14 = -4*l, l = 5*k - 26. What is the highest common divisor of k and 8165?
5
Let a(m) be the third derivative of 6*m**5/5 + 5*m**4/24 + 11*m**3/6 + 94*m**2. Let r be a(-2). What is the highest common divisor of r and 17?
17
Suppose -12*p = 51*p - 24003. Let y = 615 - p. What is the highest common factor of 36 and y?
18
Suppose h - 10 = -11*j + 12*j, 2*j = -h + 4. Suppose -6*q + h = 2*q. What is the highest common divisor of q and 2?
1
Let k be 5/((13/(-1066))/((-1)/2)). Let d = k + -154. Calculate the highest common factor of 170 and d.
17
Let o = 1637 + -1535. Calculate the greatest common divisor of o and 390.
6
Let i be (-1)/3*(-3 - 0/2). Let g be i*(35 - -1) + -1. Suppose 36*q - 162 = g*q. Calculate the greatest common factor of q and 18.
18
Let i be (1 + (89 - -4))*(10 - -9). Calculate the highest common divisor of 76 and i.
38
Let b be 60/100 + (-606)/10. Let a be 12*(-4)/b*45. Calculate the highest common factor of a and 84.
12
Suppose 4*j + 4 = 2*x - 42, -4*x + 99 = -j. Let r be -305*(3 + 2)*(-2)/x. Let a = -100 + r. Calculate the greatest common factor of a and 33.
11
Let m(x) = 158*x + 812. Let i be m(-4). Calculate the highest common factor of i and 432.
36
Suppose 40 = 8*w + 2*w. Suppose -3*s + w = 2*x - 7, -2*s + 10 = 4*x. Let i be 3 - 1 - (-153 + s - 3). Calculate the highest common divisor of 62 and i.
31
Let i be 2/(-6) + 74/6. Suppose -i*l = -16*l + 20. What is the greatest common factor of l and 25?
5
Let j(a) = 566*a + 11486. Let l be j(-20). What is the highest common divisor of 13114 and l?
166
Let a = 2 + -5. Let x(d) = -8*d. Let m be x(a). Let b = m + 4. What is the highest common factor of 7 and b?
7
Let t = -9744 - -17557. Calculate the highest common divisor of t and 39.
13
Suppose -7663 - 7480 = -31*q + 48624. Calculate the greatest common factor of q and 847.
121
Suppose -3*w + 66 = 3*g - 30, 2*w = 8. Calculate the greatest common divisor of 147 and g.
7
Let v be (-714)/(-136) - -1*(-2)/8. Suppose 2*f + 5*a - 35 = 0, -15 = -v*f + 4*a + 23. Calculate the highest common di